ndreds digit of i?
9
Let g = -153 + 157. What is the thousands digit of g/(-26) + (-646520)/(-364)?
1
Suppose 4*b = 264 + 312. Suppose 3*k = 2*k - u + b, -2*u = 0. What is the tens digit of k?
4
Let r be (-23)/92 - (2 + (-221)/4). Suppose -r*a + 588 = -32*a. What is the tens digit of a?
2
Suppose u - 174 - 556 = 0. Let w = u - 196. What is the units digit of w?
4
Suppose -74*b + 50*b + 296400 = 0. What is the hundreds digit of b?
3
Let n(g) = 12*g**2 + 3*g. Let z = 210 + -205. What is the hundreds digit of n(z)?
3
Suppose -h + 10476 = o, -14*o + 18*o + 41904 = 4*h. Suppose -42*n + 15*n + h = 0. What is the units digit of n?
8
Let i = -7 + -25. Let a = -30 - i. Suppose 494 = 4*s + 3*f, -2*s - a*f + 248 = -0*s. What is the units digit of s?
2
Let t = 109 + -193. Suppose 406 = 3*h - 5*a, 4*h + 83*a = 82*a + 572. Let o = t + h. What is the tens digit of o?
5
Suppose 2*n + 5*x - 3191 = 0, -5*x - 108 = -123. Suppose -5*k = n - 6933. What is the hundreds digit of k?
0
Suppose 0 = -3*j - 68 - 55. Let k = j - -27. What is the tens digit of (-26)/91 + (-1838)/k?
3
Let o(s) = -2856*s + 42. Let b be o(-2). What is the hundreds digit of (10/8)/5 + b/56?
1
Let k(o) = 20 + o + 9*o + o - 5*o. Suppose 5*j - 30 = -x, -4*j + 3*x = j - 10. What is the units digit of k(j)?
0
Suppose 2*v = 632 + 84. Suppose 360*c - v*c - 1300 = 0. What is the hundreds digit of c?
6
Let c = 99 + -101. Let d be (4/(-14))/(c/14). Suppose -5*t + 19 = d*j - 337, 3*j + 2*t = 512. What is the tens digit of j?
6
Let y be (-18)/(-6) + (-4)/(-16)*4. What is the tens digit of (-6)/21 + (13536/42 - y)?
1
Let v(s) = 1148*s - 2034. What is the tens digit of v(3)?
1
Suppose 0 = 4*r + 6*r + 4*r. Suppose -3*w - j + 13 = -r*j, 3*w + 2*j = 14. What is the units digit of w?
4
Let y(c) = c**2 + 187*c - 27. What is the thousands digit of y(49)?
1
Let j = -301 - -641. Suppose 7*b - 31 = j. Let p = 154 - b. What is the tens digit of p?
0
Let a(h) = 3*h**3 - 3*h + 3. Let m be a(1). Suppose -4*x - m*k + 4*k + 828 = 0, 0 = -5*x + 2*k + 1032. What is the hundreds digit of x?
2
Let d(c) = c**3 + c**2 - 2*c - 4. Let k be d(4). Suppose 3*m - 4*h - 7 = 0, 0 = -5*m + h + 16 + 7. Suppose m*a + k = 348. What is the tens digit of a?
5
Let b(k) = 79*k**3 - k**2 - 5*k - 5. Let c be b(-2). Let m = 825 + c. What is the units digit of m?
4
Suppose 0 = -2*j - 5*n + 24030, -2*n = -3*j - 0*n + 36045. What is the tens digit of j/15 - (-3 - 1)?
0
Let k be (-9)/(-6)*(24/(-6) - 6). What is the tens digit of 13168/40*(-3)/18*k?
2
Suppose 2*v - 3*j - 493 = -0*j, 995 = 4*v - 3*j. Suppose -233 = 2*r + v. What is the hundreds digit of (-33110)/r - 2/(-11)?
1
Let f be (6 - 1)*(5 + 3186/10). Suppose -5*n = -f - 1307. What is the hundreds digit of n?
5
What is the tens digit of 5283 - (13 - (4 + -3))?
7
Suppose 20006 = 2*k + c, 0 = -5*c - 94 + 114. What is the thousands digit of k?
0
Let p = 7382 - 147. What is the tens digit of p?
3
What is the hundreds digit of (33 + -6)/(((-1)/5)/(842/(-15)))?
5
Let x(o) = 2*o**2 + 9*o + 24. Let r = -259 + 273. What is the units digit of x(r)?
2
Let m be 4/4*(1 + 2). Suppose -h + m*i - 2951 = -6*h, 4*h - 5*i - 2383 = 0. What is the units digit of h?
2
Let y = -12271 - -33178. What is the units digit of y?
7
Let u be 1/(2/(-8)) + 745. Let k = -33 + u. What is the units digit of k?
8
Suppose -20*o = -23*o + 129. Let z = -39 + o. Suppose w - 134 = -k, -w = 2*w - z*k - 374. What is the hundreds digit of w?
1
Let z(f) = 2*f**2 + 21*f + 8. Let d be z(-10). Let q = d - -2. Suppose q = y - 0*y - 132. What is the units digit of y?
2
Suppose n = -0*n + 3*s - 15, 0 = -4*s + 12. Let p(m) = -m**2 - 13. Let d be p(n). Let j = d - -62. What is the units digit of j?
3
Let h(q) = 7*q**2 - q - 92. Let m be -2*((-21)/(-6) + 1). What is the units digit of h(m)?
4
Let b = 3403 - -2638. What is the hundreds digit of b?
0
Let c(r) = -4*r**2 + 34*r - 10. Let b be c(8). What is the hundreds digit of b/10 + (-3147)/(-5)?
6
Suppose -29*n + 568822 = -3*n + 12*n. What is the units digit of n?
9
Let y = 91 + -87. What is the hundreds digit of 5*(y - -93) - 0?
4
Let k(u) = 15*u + 950. Let s(z) = z + 1. Let x(r) = k(r) - 2*s(r). What is the hundreds digit of x(0)?
9
Let d = 265 + -262. Suppose -3*s = -4*z + 7*z - 4995, 4*z - 6658 = -d*s. What is the thousands digit of z?
1
Let s(m) = -5*m**2 - m**3 + 2*m - 6*m - 1 + 10*m**2 + 5. Let j be s(4). Suppose 251 = 3*i - j*x, 0 = -5*i + 2*x + 64 + 345. What is the tens digit of i?
8
Suppose 766940 = 175*n - 269060. What is the units digit of n?
0
Let k(y) = -y + 2. Let j be k(-3). Let u be 92*(-18)/96*-4. Let l = u + j. What is the units digit of l?
4
Let x(q) = 120*q - 5. Let j(i) = -i. Let a(v) = -3*j(v) - x(v). What is the hundreds digit of a(-2)?
2
Let d(g) = 4*g + 4. Let i be d(8). Let s be 8/i - (-2370)/27. Suppose 0 = 14*j - 10*j - s. What is the units digit of j?
2
Let q = -549 - -1119. Let u = -142 + q. What is the tens digit of u?
2
Suppose -98 = 2*z - 82. Suppose w - 25 + 28 = 0. What is the units digit of (1 - w)*(-166)/z?
3
Suppose 4*a - 5 = 5*x, -4*x - a + 3 = -14. Suppose -5*o = t - x*t + 353, -5*t - 2*o = -926. What is the tens digit of t?
8
Let t(g) be the second derivative of g**4/12 + 5*g**3/6 - 5*g**2/2 - 10*g. Let d be t(-6). Let x(n) = 70*n**3 + 3*n**2 - 2. What is the tens digit of x(d)?
7
Suppose 2*q + 392 = 2*t, -3*t + 3*q = 2*t - 978. Suppose -189*b - 1230 = -t*b. What is the hundreds digit of b?
2
Let l(b) = 6*b. Let o be l(1). Suppose 2*y = 5*j - 1782, -o*y + 4*y - 350 = -j. What is the hundreds digit of j?
3
Let u(s) = 1049*s - 1381. What is the hundreds digit of u(23)?
7
Let r(z) = z**3 + 6*z**2 + 51. Let a be r(-7). Suppose -1370 = -8*u + 5*u + f, -2*u = -a*f - 912. What is the tens digit of u?
5
Suppose 1677*r - 1643*r - 227875 = -71033. What is the hundreds digit of r?
6
Suppose 0 = -6*n - 13 + 43. Suppose 0 = 18*u - 13*u - 10. What is the tens digit of n*3/12*(22 - u)?
2
Suppose 20498 = 17*k - 133471. What is the tens digit of k?
5
Suppose 73*u + 71*u - 9741765 = -21*u. What is the hundreds digit of u?
0
Suppose 12 = -3*b - s + 1277, 4*s = -5*b + 2099. Let t = -29 - b. What is the units digit of ((-10)/3 - -2) + t/(-6)?
4
Suppose 67*k + 1110171 - 4691857 = 0. What is the ten thousands digit of k?
5
Suppose 0 = -7*i + 3 + 18. Suppose -i*z + 385 = a + 2*z, 2*a - 800 = -4*z. Suppose 11*c = 13*c - a. What is the tens digit of c?
0
Let c = 47 + -44. Suppose 8*g - c*g = 30. Let y(i) = 2*i**3 - 5*i**2 - 17*i + 14. What is the hundreds digit of y(g)?
1
Let r(l) = -2*l + 14. Let u be r(6). Suppose -u*k = 4*t - 118, 3*t - 120 = -k - k. Let w = k - -56. What is the hundreds digit of w?
1
Let b(u) = -36170*u**3 - u**2 - 6*u - 7. What is the ten thousands digit of b(-1)?
3
What is the hundreds digit of 178 + (12/12 - 2/1)?
1
Let l(m) = -10*m**2 - 6*m + 7. Let t be l(2). Let z be (1 - (1 - 1))/((-9)/t). Suppose -z*i + 116 = 3*v, -2*v + 7*i = 4*i - 52. What is the tens digit of v?
3
Let q be 2 + (-135)/30 + (-3)/(-2). Let r(l) = 655*l**2 - 2*l + 1. What is the tens digit of r(q)?
5
Suppose -111*s = -149318 - 956131. What is the thousands digit of s?
9
Suppose 6*v = 251334 - 44454. What is the units digit of v?
0
Let p be 377 - ((-11 - -14) + -3 + 1). Let n = p - 150. What is the units digit of n?
6
Let v be (-1)/(-2)*(-630)/(-7). Let q be 5/2*834/v*9. Suppose 0 = -5*k + 2*k + q. What is the units digit of k?
9
Let u(f) = 5*f**2 + 6*f + 42. Suppose -9 = -5*g + 4*y + 5, 3*g + y - 5 = 0. Suppose -2*n - 2*w = g*w, n + 5*w - 9 = 0. What is the units digit of u(n)?
6
Let k be -1 - (4/(-6) - (-7)/(-3)). Suppose 2051 = 4*h - 3*m, k*m = -2*h + 146 + 862. What is the hundreds digit of h?
5
Suppose -2*l - 50 = 3*l. What is the units digit of 0 + -1 + (-3 - l - -284)?
0
Suppose 10504 = 3*z + c + 4*c, 5*c = -4*z + 14007. Suppose -968 = 3*x - z. What is the units digit of x?
5
Suppose 1 + 3 = -4*s - n, -n - 3 = 3*s. Let o be (-1 + 1)/(2/s). What is the tens digit of (6 - 7)*(o - 41)?
4
Suppose 36*h - 35*h = 0. Suppose 4*n - 4*r = 3444, -6*r + 2*r - 20 = h. What is the tens digit of n?
5
Let k be ((1 - -2) + (7 - 0))/1. Suppose 5*c - 10*c = k, 0 = -4*r + c + 3650. What is the tens digit of r?
1
Let j be ((-68)/(-8))/(((-7)/2)/7). Let d = j + 19. Suppose d*u - 90 = 72. What is the 